{"id":370,"date":"2022-10-31T16:50:13","date_gmt":"2022-10-31T15:50:13","guid":{"rendered":"https:\/\/cxn.fr\/?page_id=370"},"modified":"2022-10-31T16:51:29","modified_gmt":"2022-10-31T15:51:29","slug":"cession-du-reseau-cable-epari","status":"publish","type":"page","link":"https:\/\/cxn.fr\/?page_id=370","title":{"rendered":"Cession du r\u00e9seau c\u00e2bl\u00e9 \u00c9PARI"},"content":{"rendered":"\n<h2 class=\"wp-block-heading\">Documents au format PDF concernant la cession du r\u00e9seau c\u00e2bl\u00e9 EPARI<\/h2>\n\n\n\n<div data-wp-interactive=\"core\/file\" class=\"wp-block-file\"><object data-wp-bind--hidden=\"!state.hasPdfPreview\" hidden class=\"wp-block-file__embed\" data=\"https:\/\/cxn.fr\/wp-content\/uploads\/2022\/10\/Communiquedepresse-Amenagementnumerique1.pdf\" type=\"application\/pdf\" style=\"width:100%;height:600px\" aria-label=\"Contenu embarqu\u00e9 Contenu embarqu\u00e9 Communiquedepresse-Amenagementnumerique1..\"><\/object><a id=\"wp-block-file--media-836c4f6d-4498-487a-a880-b2f3bd91ee34\" href=\"https:\/\/cxn.fr\/wp-content\/uploads\/2022\/10\/Communiquedepresse-Amenagementnumerique1.pdf\">Communiquedepresse-Amenagementnumerique1<\/a><a href=\"https:\/\/cxn.fr\/wp-content\/uploads\/2022\/10\/Communiquedepresse-Amenagementnumerique1.pdf\" class=\"wp-block-file__button\" download aria-describedby=\"wp-block-file--media-836c4f6d-4498-487a-a880-b2f3bd91ee34\">T\u00e9l\u00e9charger<\/a><\/div>\n\n\n\n<div data-wp-interactive=\"core\/file\" class=\"wp-block-file\"><object data-wp-bind--hidden=\"!state.hasPdfPreview\" hidden class=\"wp-block-file__embed\" data=\"https:\/\/cxn.fr\/wp-content\/uploads\/2022\/10\/2022.09.20_Intervention-DVO-sur-la-fibre-en-seance-publique-du-CD691.pdf\" type=\"application\/pdf\" style=\"width:100%;height:600px\" aria-label=\"Contenu embarqu\u00e9 Contenu embarqu\u00e9 2022.09.20_Intervention-DVO-sur-la-fibre-en-seance-publique-du-CD691..\"><\/object><a id=\"wp-block-file--media-8e925ed3-ea0d-4be0-9b82-2a795d939350\" href=\"https:\/\/cxn.fr\/wp-content\/uploads\/2022\/10\/2022.09.20_Intervention-DVO-sur-la-fibre-en-seance-publique-du-CD691.pdf\">2022.09.20_Intervention-DVO-sur-la-fibre-en-seance-publique-du-CD691<\/a><a href=\"https:\/\/cxn.fr\/wp-content\/uploads\/2022\/10\/2022.09.20_Intervention-DVO-sur-la-fibre-en-seance-publique-du-CD691.pdf\" class=\"wp-block-file__button\" download aria-describedby=\"wp-block-file--media-8e925ed3-ea0d-4be0-9b82-2a795d939350\">T\u00e9l\u00e9charger<\/a><\/div>\n","protected":false},"excerpt":{"rendered":"<p>Documents au format PDF concernant la cession du r\u00e9seau c\u00e2bl\u00e9 EPARI<\/p>\n","protected":false},"author":1,"featured_media":0,"parent":309,"menu_order":2,"comment_status":"closed","ping_status":"closed","template":"","meta":{"jetpack_post_was_ever_published":false,"footnotes":""},"class_list":["post-370","page","type-page","status-publish","hentry"],"jetpack-related-posts":[],"jetpack_sharing_enabled":true,"_links":{"self":[{"href":"https:\/\/cxn.fr\/index.php?rest_route=\/wp\/v2\/pages\/370","targetHints":{"allow":["GET"]}}],"collection":[{"href":"https:\/\/cxn.fr\/index.php?rest_route=\/wp\/v2\/pages"}],"about":[{"href":"https:\/\/cxn.fr\/index.php?rest_route=\/wp\/v2\/types\/page"}],"author":[{"embeddable":true,"href":"https:\/\/cxn.fr\/index.php?rest_route=\/wp\/v2\/users\/1"}],"replies":[{"embeddable":true,"href":"https:\/\/cxn.fr\/index.php?rest_route=%2Fwp%2Fv2%2Fcomments&post=370"}],"version-history":[{"count":1,"href":"https:\/\/cxn.fr\/index.php?rest_route=\/wp\/v2\/pages\/370\/revisions"}],"predecessor-version":[{"id":374,"href":"https:\/\/cxn.fr\/index.php?rest_route=\/wp\/v2\/pages\/370\/revisions\/374"}],"up":[{"embeddable":true,"href":"https:\/\/cxn.fr\/index.php?rest_route=\/wp\/v2\/pages\/309"}],"wp:attachment":[{"href":"https:\/\/cxn.fr\/index.php?rest_route=%2Fwp%2Fv2%2Fmedia&parent=370"}],"curies":[{"name":"wp","href":"https:\/\/api.w.org\/{rel}","templated":true}]}}